{"id":314,"date":"2021-11-20T12:45:10","date_gmt":"2021-11-20T12:45:10","guid":{"rendered":"http:\/\/s448133046.mialojamiento.es\/?page_id=314"},"modified":"2021-11-20T12:58:45","modified_gmt":"2021-11-20T12:58:45","slug":"asociacion","status":"publish","type":"page","link":"https:\/\/apymajesuitaspamplona.com\/?page_id=314","title":{"rendered":"ASOCIACI\u00d3N"},"content":{"rendered":"\t\t<div data-elementor-type=\"wp-page\" data-elementor-id=\"314\" class=\"elementor elementor-314\">\n\t\t\t\t\t\t<section class=\"elementor-section elementor-top-section elementor-element elementor-element-3b1876d elementor-section-boxed elementor-section-height-default elementor-section-height-default\" data-id=\"3b1876d\" data-element_type=\"section\" data-e-type=\"section\">\n\t\t\t\t\t\t<div class=\"elementor-container elementor-column-gap-default\">\n\t\t\t\t\t<div class=\"elementor-column elementor-col-100 elementor-top-column elementor-element elementor-element-245a402\" data-id=\"245a402\" data-element_type=\"column\" data-e-type=\"column\">\n\t\t\t<div class=\"elementor-widget-wrap elementor-element-populated\">\n\t\t\t\t\t\t<div class=\"elementor-element elementor-element-3cd26a4 elementor-widget elementor-widget-image\" data-id=\"3cd26a4\" data-element_type=\"widget\" data-e-type=\"widget\" data-widget_type=\"image.default\">\n\t\t\t\t<div class=\"elementor-widget-container\">\n\t\t\t\t\t\t\t\t\t\t\t\t\t\t\t<img fetchpriority=\"high\" decoding=\"async\" width=\"437\" height=\"290\" src=\"https:\/\/apymajesuitaspamplona.com\/wp-content\/uploads\/2021\/11\/ASOCIACION.jpg\" class=\"attachment-large size-large wp-image-318\" alt=\"\" srcset=\"https:\/\/apymajesuitaspamplona.com\/wp-content\/uploads\/2021\/11\/ASOCIACION.jpg 437w, https:\/\/apymajesuitaspamplona.com\/wp-content\/uploads\/2021\/11\/ASOCIACION-300x199.jpg 300w\" sizes=\"(max-width: 437px) 100vw, 437px\" \/>\t\t\t\t\t\t\t\t\t\t\t\t\t\t\t<\/div>\n\t\t\t\t<\/div>\n\t\t\t\t\t<\/div>\n\t\t<\/div>\n\t\t\t\t\t<\/div>\n\t\t<\/section>\n\t\t\t\t<section class=\"elementor-section elementor-top-section elementor-element elementor-element-8ddd668 elementor-section-boxed elementor-section-height-default elementor-section-height-default\" data-id=\"8ddd668\" data-element_type=\"section\" data-e-type=\"section\">\n\t\t\t\t\t\t<div class=\"elementor-container elementor-column-gap-default\">\n\t\t\t\t\t<div class=\"elementor-column elementor-col-100 elementor-top-column elementor-element elementor-element-14f44c2\" data-id=\"14f44c2\" data-element_type=\"column\" data-e-type=\"column\">\n\t\t\t<div class=\"elementor-widget-wrap elementor-element-populated\">\n\t\t\t\t\t\t<div class=\"elementor-element elementor-element-6c22cde elementor-widget elementor-widget-text-editor\" data-id=\"6c22cde\" data-element_type=\"widget\" data-e-type=\"widget\" data-widget_type=\"text-editor.default\">\n\t\t\t\t<div class=\"elementor-widget-container\">\n\t\t\t\t\t\t\t\t\t<p><strong>ASOCIADOS<\/strong><br \/><br \/>La Apyma est\u00e1 orientada a todos los padres, madres o tutores de alumnos del colegio San Ignacio Jesuitas-Pamplona que quieran compartir la misi\u00f3n de nuestra asociaci\u00f3n.\u00a0<br \/><br \/>La calidad de asociado se adquiere\u00a0<em>de forma autom\u00e1tica<\/em>\u00a0con la incorporaci\u00f3n de cualquier hijo a nuestro colegio. Esta situaci\u00f3n se mantendr\u00e1 hasta que abandone el colegio el \u00faltimo hijo miembro de la unidad familiar, o salvo renuncia expresa mediante comunicaci\u00f3n a la junta directiva.<br \/><br \/>Cada unidad familiar abonar\u00e1 una sola cuota con independencia del n\u00famero de hijos que tenga en el colegio.<br \/><br \/><strong>DERECHOS DE LOS SOCIOS<\/strong><\/p><p>\u00b7 Participar en las asambleas con voz y voto.<br \/>\u00b7 Presentarse como candidato a los cargos de la junta directiva.<br \/>\u00b7 Proponer a la junta por escrito cuantas iniciativas y sugerencias estime oportuno.<br \/>\u00b7 Estar informado de acuerdos, proyectos y otros asuntos relevantes que afecten a los fines de la asociaci\u00f3n.<\/p><p><strong>\u00a0<\/strong><\/p><p><strong>DEBERES DE LOS SOCIOS<\/strong><\/p><p>\u00b7 Cumplir los estatutos de la asociaci\u00f3n.<br \/>\u00b7 Aceptar los acuerdos v\u00e1lidamente adoptados por los \u00f3rganos de la asociaci\u00f3n.<br \/>\u00b7 Sufragar las cuotas acordadas por la asociaci\u00f3n.<\/p>\t\t\t\t\t\t\t\t<\/div>\n\t\t\t\t<\/div>\n\t\t\t\t\t<\/div>\n\t\t<\/div>\n\t\t\t\t\t<\/div>\n\t\t<\/section>\n\t\t\t\t<\/div>\n\t\t","protected":false},"excerpt":{"rendered":"<p>ASOCIADOS La Apyma est\u00e1 orientada a todos los padres, madres o tutores de alumnos del colegio San Ignacio Jesuitas-Pamplona que quieran compartir la misi\u00f3n de nuestra asociaci\u00f3n.\u00a0 La calidad de asociado se adquiere\u00a0de forma autom\u00e1tica\u00a0con la incorporaci\u00f3n de cualquier hijo a nuestro colegio. Esta situaci\u00f3n se mantendr\u00e1 hasta que abandone el colegio el \u00faltimo hijo [&hellip;]<\/p>\n","protected":false},"author":1,"featured_media":0,"parent":0,"menu_order":0,"comment_status":"closed","ping_status":"closed","template":"","meta":{"footnotes":""},"class_list":["post-314","page","type-page","status-publish","hentry"],"_links":{"self":[{"href":"https:\/\/apymajesuitaspamplona.com\/index.php?rest_route=\/wp\/v2\/pages\/314","targetHints":{"allow":["GET"]}}],"collection":[{"href":"https:\/\/apymajesuitaspamplona.com\/index.php?rest_route=\/wp\/v2\/pages"}],"about":[{"href":"https:\/\/apymajesuitaspamplona.com\/index.php?rest_route=\/wp\/v2\/types\/page"}],"author":[{"embeddable":true,"href":"https:\/\/apymajesuitaspamplona.com\/index.php?rest_route=\/wp\/v2\/users\/1"}],"replies":[{"embeddable":true,"href":"https:\/\/apymajesuitaspamplona.com\/index.php?rest_route=%2Fwp%2Fv2%2Fcomments&post=314"}],"version-history":[{"count":10,"href":"https:\/\/apymajesuitaspamplona.com\/index.php?rest_route=\/wp\/v2\/pages\/314\/revisions"}],"predecessor-version":[{"id":329,"href":"https:\/\/apymajesuitaspamplona.com\/index.php?rest_route=\/wp\/v2\/pages\/314\/revisions\/329"}],"wp:attachment":[{"href":"https:\/\/apymajesuitaspamplona.com\/index.php?rest_route=%2Fwp%2Fv2%2Fmedia&parent=314"}],"curies":[{"name":"wp","href":"https:\/\/api.w.org\/{rel}","templated":true}]}}